).
172
Suppose -110 = -q - 24. Suppose 4*l = -4*x - 200, 3*x + q = -l - 60. Let w be ((-2)/3)/((-32)/x). Let j(i) = -3*i**3 - 1. Give j(w).
2
Let v(l) be the second derivative of -1/2*l**2 + 1/3*l**3 - 4/3*l**4 + l - 6. What is v(1)?
-15
Let u(m) = 3*m + 15. Let i(o) = -4*o - 23. Let h(c) = 5*i(c) + 7*u(c). Suppose 75 = -17*v + 177. Determine h(v).
-4
Let i(b) = -40 + 5571987*b**2 + 15 - 5571986*b**2 + 11*b. Determine i(2).
1
Let h(o) = 16 + o + 11 + 18 + 17 + 12 - 66. Suppose -3*r = -3*l - 9, -3*l + 12 = -l + 4*r. What is h(l)?
8
Let w(v) = -8*v + 38. Suppose -4986 = z - 4991. Give w(z).
-2
Let a(t) = 0*t - 4*t + 5*t. Let c(b) = b**3 - 3*b**2 + 7. Let q(w) = 3*w**3 - 7*w**2 + 15. Let s(u) = 2*c(u) - q(u). Let x(p) = -3*a(p) - 2*s(p). What is x(2)?
4
Let p(n) = -14*n + 32. Let y(v) = -5*v + 11. Let g(i) = -3*p(i) + 8*y(i). Let z be 95/38*12/10. Suppose 0 = -z*d + 6*d - 18. Give g(d).
4
Let n(h) = -h**3 - 23*h**2 + 51*h + 30. Let d be (-36 - 310/(-10))*15/3. Give n(d).
5
Let g(u) be the second derivative of -1/2*u**4 + 1/20*u**5 + u**2 - 61*u - 2 + 1/3*u**3. Calculate g(5).
-13
Let l be (-22 - (32 + -56))/((16/6)/4). Let n(v) be the third derivative of 0*v + 0*v**4 + 1/6*v**l + 0 + 11*v**2 - 1/60*v**5. Determine n(0).
1
Let z(d) = d**3 - 9*d**2 + 8*d + 4. Let n(f) = -2*f**3 + 8*f**2 + 7*f - 12. Let a be n(7). Let t = a + 265. Calculate z(t).
4
Let r(n) = -n + 4. Let b(x) = x**3 - 7*x**2 + 3*x + 2. Let f be b(6). Let m = 20 + f. Suppose -3*d = 4*y - 28, -4 = -m*y + 2*y + d. Calculate r(y).
0
Let o(g) be the second derivative of -10 - 1/2*g**3 + g + 1/2*g**2. What is o(-3)?
10
Let d(f) = 6*f**3 - 2*f + 1. Let y = 450 - 447. Let x(z) = -z**3 + 2*z**2 + z + 7. Let l be x(y). Give d(l).
5
Let w(m) be the second derivative of 7*m**3/6 - 13*m**2 - 711*m. What is w(3)?
-5
Suppose d + 4 = -j, -5*d = -j - j + 20. Let q(k) = 4*k + 10. Let a(t) be the first derivative of -t**2/2 - 3*t - 122. Let r(y) = -3*a(y) - q(y). Calculate r(j).
-1
Let p be 3*(1 - 5/3). Let u(m) = 3*m - 4. Let k(g) = -12. Let t(l) = -l + 17. Let z(c) = 4*k(c) + 3*t(c). Let s(r) = p*u(r) - 3*z(r). Give s(-4).
-13
Let m(l) be the first derivative of 2*l**2 + 14 + 0 - 3*l + 2 - l**2. Suppose 0 = -15*f + 21*f + 24. Determine m(f).
-11
Let a(z) be the first derivative of -z**2/2 - 6*z + 1. Suppose 67*p - 73*p - 2*n = 52, 5*n = 2*p + 57. Determine a(p).
5
Let d = -6323 - -6333. Let g(z) = -z**3 + 11*z**2 - 10*z - 8. What is g(d)?
-8
Let c be 116/145*(-5)/(-2). Let p(i) = -21 + i**3 + 9 + 9*i**c + 6*i + 5. Determine p(-8).
9
Let s(g) = -2*g**2 + 2*g - 1. Let v(a) = 27*a - 31*a - 14*a + 6 + 22*a. Let x be -2*2/(-4)*-2. Let w be v(x). Give s(w).
-13
Let g(w) = -4*w**2. Let x(k) = 7*k**2 + 9*k. Let j(l) = -2*g(l) - x(l). Calculate j(11).
22
Suppose 4*g - 4*c = -152, 2*g - 3*c = -573 + 492. Let u(t) = -3*t - 79. Determine u(g).
20
Let x be (-1)/(-3) + 28/6. Suppose -t + 7 = y, 0 = 4*y - 8*y + t + 8. Let w(l) = 5*l**2 - 20*l - l**3 - 19*l + 42*l + y. What is w(x)?
18
Let h(a) = 5*a - 162. Suppose 4*y + 5*l + 20 - 138 = 0, 0 = 5*l + 10. Give h(y).
-2
Let y = -48 - -44. Let h(q) be the second derivative of q**4/12 + q**3/3 - 3*q**2/2 - q + 601. Determine h(y).
5
Let h(m) = 14*m**2 + 25*m + 7. Let n(q) = 2*q**2 + 4*q + 1. Let b(r) = h(r) - 6*n(r). Determine b(-2).
7
Suppose -22*r - 21 = 28 + 17. Let v(s) = -6*s**2 + 8*s + 7. Calculate v(r).
-71
Let k(r) = 3*r - 31. Let z be k(15). Suppose -3*i = -29 + z. Let o(m) = 5 - 5 + 1 + 2*m + i. Determine o(-4).
-2
Let f(d) = 4*d - 6. Let o(n) = n**3 - 2*n**2 - 9*n + 21. Let x be o(2). Give f(x).
6
Let w(s) be the second derivative of -s**4/12 - 4*s**3/3 + 3*s**2 - 123*s. Suppose -2*a + 81 = a. Suppose 2*d - 11 + a = 0. Calculate w(d).
6
Let x be ((-42)/(-8))/(315/(-100) - -3). Let r(s) = s + 37. Calculate r(x).
2
Let y be 22340/(-25) + 8/(-20). Let c = -908 - y. Let q(w) = -w**3 - 13*w**2 + 13*w - 8. Calculate q(c).
6
Let j(h) = 6*h**2 - 3*h + 0*h + 43680 - 21834 - 21841. What is j(3)?
50
Let f(q) = 71 - 81 - 34*q + 43*q + 226. Determine f(-24).
0
Suppose -7 - 8 = 3*g. Let z(s) = 1. Let u(o) be the first derivative of o**2/2 - 4*o - 25. Let h(w) = u(w) + 4*z(w). What is h(g)?
-5
Let v(s) = s**2 - 38*s + 111. Let r be v(35). Let l(k) = k**3 - 5*k**2 + k - 4. Calculate l(r).
38
Let d be (241 + -247)*(-10)/(-12). Let h(r) be the second derivative of r**3/6 + 3*r**2 + 2*r. Calculate h(d).
1
Let u(m) = -m**2 - 3. Suppose -4*t - 12 = -0*t. Let d be (-1)/t + (-30)/(-18). Let j be (-1)/(d/4) - -2. Give u(j).
-3
Suppose -m - 3*m = a - 14, -2*m + 12 = 3*a. Suppose -a*n - 100 = -7*n. Let b be (0 + 20/6)/(n/(-30)). Let k(h) = -h**2 - 3*h + 7. What is k(b)?
-3
Let p(c) = c**2 + c - 5. Suppose -11*w - 4*w - 108 = -138. What is p(w)?
1
Let p(g) = 109*g - 38. Let w(x) = -39*x + 11. Let b(k) = -4*p(k) - 11*w(k). Determine b(4).
3
Let n(t) be the second derivative of t**4/12 + 4*t**3/3 - 4*t**2 + 6*t + 40. Let b be 16/5 - 12/60. Suppose -b*c = -5*w + 1, -4*c - 51 = 3*w - 11. Give n(c).
-15
Suppose 2*q + 9*z - 5*z + 28 = 0, 2*q = -5*z - 29. Let t be (-9)/(-36) - 57/q. Let l(w) = w**2 - 3*w - 2. Calculate l(t).
8
Let c(o) = 50*o**2 + 2*o + 1. Let u = 4665 - 4666. Determine c(u).
49
Let g = -1023 + 1026. Let r(i) be the third derivative of -i**4/24 + 2*i**3/3 + 4*i**2. What is r(g)?
1
Let s(v) = -26*v + 44*v - 8*v + 28 - 8*v. Determine s(-13).
2
Let a(s) = 18*s - 20 + 26*s - 105*s + 22*s + 26*s. Calculate a(-2).
6
Let o(t) be the third derivative of t**6/120 - t**5/6 + 13*t**4/12 - 4*t**3/3 - 5*t**2 - 123*t. Calculate o(6).
4
Let i = 98 + -105. Let v(u) be the first derivative of u**4/4 + 8*u**3/3 + 9*u**2/2 - u + 28. Determine v(i).
-15
Let v(u) = -8*u**2 + 84*u + 39. Let i be v(11). Let g(o) = 47 + o - 2*o + 5*o**2 + o**3 - 42. Determine g(i).
10
Let f(x) be the third derivative of -61*x**2 + 0 + 1/8*x**4 + 0*x + 1/30*x**5 + 1/6*x**3. Suppose -2*o - 3*o = 15. What is f(o)?
10
Let x(h) = 2*h**3 - 2*h**2 + 3*h - 2. Let y(s) = -2*s**2 - 585*s + 2976. Let j be y(5). Determine x(j).
1
Suppose 92*t = 94*t - 112. Let w be 6/10 - (t/10 - -2). Let v(u) = 2*u + 9. Determine v(w).
-5
Suppose -77*f - 4211 = -4673. Let n(h) = 3*h - 26. Calculate n(f).
-8
Let q(y) be the second derivative of y**5/2 - y**4/6 - y**3/3 - y**2/2 - 7*y + 12. Let j(x) = x**2 - 4*x - 13. Let d be j(6). Calculate q(d).
-11
Let x(p) be the third derivative of 5*p**4/24 + 29*p**3/3 + 4614*p**2. Determine x(-13).
-7
Let c(y) = 5*y + 44. Let v be c(-8). Let h be v/(-7) - ((-256)/14)/4. Let b(o) = o**2 + 0*o**2 + h + 12*o - 5. What is b(-12)?
-1
Let i(g) = -g**3 - 2*g - 4*g**2 + 4*g**2 + 1 - g**2. Let n be -80*(-7 - (-3)/(3/5)). Let b = -162 + n. What is i(b)?
9
Let b(v) be the second derivative of v**3/3 - 2*v**2 + 102*v + 3. Let l be 3*-1 + 6 + -3. Suppose -2*t + 0 + 10 = l. Determine b(t).
6
Let a(r) = 4*r - 5*r - 5 + 4. Let t be 448/(-40) + 23/115 + 16. Give a(t).
-6
Suppose -6988 + 7024 = 3*c. Let i(d) = d**3 - 12*d**2 + 7*d - 29. Determine i(c).
55
Let j(n) = 7*n**3 + 30*n**2 + 39*n + 6. Let v(h) = -5*h**3 - 20*h**2 - 27*h - 4. Let p(q) = -7*j(q) - 10*v(q). Determine p(10).
-32
Let q(h) = -2*h - 4*h**2 + 1 - 2*h + 3*h**2. Let k = -327 - -330. Suppose -2*x = 4*u - k + 7, -4*x - 4*u - 12 = 0. What is q(x)?
1
Let o = -17930 + 17924. Let a(u) = 3*u**2 + u + 3. Calculate a(o).
105
Suppose 0 = -n + 5*n. Suppose -14 = 5*p - 2*b, 4*p + 5*b - 4 + 2 = n. Let m(r) = -43*r + 12. Let g(v) = -16*v + 5. Let s(t) = -5*g(t) + 2*m(t). Calculate s(p).
11
Let b(v) = -7*v**2 + 8*v + 2. Let m(j) = -39*j**2 + 39*j + 8. Let a(z) = 11*b(z) - 2*m(z). Suppose 0 = 4*d - d + 12. Give a(d).
-18
Let o = -261 + 618. Suppose 5*q = o - 352. Let i(a) = -9*a + 2. Calculate i(q).
-7
Let k(f) = 16*f + 213. Let h(z) = 144*z + 1917. Let m(p) = -3*h(p) + 26*k(p). Calculate m(-13).
-5
Suppose 691 = 3*z + 676. Let k(w) = -5 + 3*w - 2*w - 8*w. Give k(z).
-40
Let k be 5 + -9 + ((-100)/(-4))/5. Let o(n) = 16*n**3 + n**2 - n. Give o(k).
16
Let g(u) = u**3 - 5*u**2 - 72*u + 404. Let x be g(6). Let a(p) = 16*p - 54. What is a(x)?
74
Suppose 0 = 15*k - 21*k - 120. Let t = 20 + k. Suppose s + o = 11, -4*s + t*o + 36 = 2*o. Let l(y) = y**2 - 6*y - 6. What is l(s)?
1
Let y(a) = -33*a**2 - 2*a - 1. Suppose 0 = 16*z - 32*z - 16. Let l be (0 - (2 + z)*0) + -1. Wha